001001011100001 - 111100101?
-1001010011000110
In base 9, what is 83720 + 414?
84234
In base 2, what is 111 + 1001011110111101101000?
1001011110111101101111
In base 11, what is -3 - 21189772?
-21189775
In base 10, what is 2792 - -494?
3286
In base 11, what is -19a + 243456?
243267
In base 14, what is 5 - -ba0009?
ba0010
In base 13, what is -574c691 + -1?
-574c692
In base 6, what is -12044 + -51212?
-103300
In base 6, what is 22 - 5431015103?
-5431015041
In base 14, what is -1ac3a7 + 0?
-1ac3a7
In base 14, what is -5 + 12a2cc4?
12a2cbd
In base 16, what is 5 + 70aea8?
70aead
In base 6, what is -3551 + 201045?
153054
In base 6, what is -53034333 + -342?
-53035115
In base 5, what is 1203042 - -2124?
1210221
In base 11, what is 1 - -5536601?
5536602
In base 2, what is -101 + -110111100011001011111001?
-110111100011001011111110
In base 15, what is 2e9de9 - b?
2e9ddd
In base 10, what is -183 - -15369?
15186
In base 5, what is -20 - 303122433?
-303123003
In base 11, what is 187a30 - 12?
187a19
In base 7, what is 530241 + 13634?
544205
In base 11, what is -73 + -175970?
-175a33
In base 5, what is 4331113 + 2340?
4334003
In base 5, what is 1 - 3443203420?
-3443203414
In base 11, what is -72 + 22146?
22084
In base 11, what is 23944553 + 3?
23944556
In base 13, what is -703 + -1339?
-1a3c
In base 7, what is -2 + -23331634?
-23331636
In base 15, what is -69 + -c7585?
-c75ee
In base 5, what is -12210402301332 - 2?
-12210402301334
In base 10, what is -166 - 461697?
-461863
In base 6, what is 5 - 21553314?
-21553305
In base 5, what is 10 - -133000001232?
133000001242
In base 2, what is 10010001101101 + 101100010101101?
111110100011010
In base 15, what is 615 - 466?
19e
In base 15, what is 1274970 - -a?
127497a
In base 15, what is -a + cdc04?
cdbe9
In base 2, what is -1110111001011001000111010011 + -101?
-1110111001011001000111011000
In base 4, what is 113221011 + -1330?
113213021
In base 6, what is -43 + -1344122535?
-1344123022
In base 2, what is -11100010 + -10111110011011011?
-10111110110111101
In base 14, what is 4 - 16c23c1?
-16c23bb
In base 7, what is 3 + -2626551314?
-2626551311
In base 4, what is 132112102 + -10033?
132102003
In base 16, what is -831 + -a66?
-1297
In base 7, what is 106 - 12502556?
-12502450
In base 12, what is 151b713 + 5?
151b718
In base 7, what is 1233 + -505222?
-503656
In base 10, what is -22890 + 170?
-22720
In base 3, what is -2110101000101 + 1012?
-2110100222012
In base 12, what is 503176ab + 7?
503176b6
In base 2, what is -10 - -1011001111110100001101001?
1011001111110100001100111
In base 2, what is 10000111100110111 + -1000100?
10000111011110011
In base 4, what is -111100030 - 121?
-111100211
In base 9, what is -58 - -12716438?
12716370
In base 13, what is -3295659 - -14?
-3295645
In base 3, what is -111 - 10112110022222?
-10112110100110
In base 11, what is 65 + -59117?
-59062
In base 4, what is -33221 + 110210323?
110111102
In base 13, what is -449778 + -23?
-44979b
In base 6, what is -10243400050 - 14?
-10243400104
In base 4, what is -121203 - 1120000?
-1301203
In base 15, what is -1b28c - 87?
-1b324
In base 3, what is -11222111200000 + -1?
-11222111200001
In base 15, what is 33ac - -182?
353e
In base 4, what is 1310320212311 - -21?
1310320212332
In base 9, what is 42137 - 14886?
26141
In base 16, what is -3c80 - -104?
-3b7c
In base 11, what is 47729 - -137a?
48aa8
In base 14, what is 6c86 + 1d03?
8b89
In base 3, what is 2122 - 2021112210212?
-2021112201020
In base 10, what is 101447 - 222?
101225
In base 5, what is -2212240202 + 123?
-2212240024
In base 16, what is -66 - -9d52?
9cec
In base 14, what is -4cb - -c65?
778
In base 8, what is 3710226072 - -4?
3710226076
In base 7, what is 66216606 - -4?
66216613
In base 15, what is 223754 - -3?
223757
In base 10, what is -40 + 1348535?
1348495
In base 15, what is 17c + 13a5b?
13bd8
In base 8, what is -1561 + -14233?
-16014
In base 16, what is -2765 - 19?
-277e
In base 11, what is -220920 + 14?
-220907
In base 15, what is -2a337c + -2?
-2a337e
In base 5, what is 400 - -31001201?
31002101
In base 10, what is -155 + -81431?
-81586
In base 7, what is 144301510 + -5?
144301502
In base 6, what is -5413 + -1331555?
-1341412
In base 13, what is -c144 + 4586?
-788b
In base 3, what is 110020122 - -1210212?
112001111
In base 3, what is 121222 - -11102220220?
11110112212
In base 8, what is -5 + -11624354?
-11624361
In base 11, what is 504a777 - -4?
504a780
In base 4, what is 1130213000020 + -12?
1130213000002
In base 14, what is 6 - 3c047?
-3c041
In base 10, what is -1520 + 3181?
1661
In base 11, what is 4 - -14308982?
14308986
In base 9, what is 422 + -3566677?
-3566255
In base 7, what is -32 - -1121153?
1121121
In base 8, what is 6302072 + 3?
6302075
In base 3, what is -1201202020112000121 + -1?
-1201202020112000122
In base 7, what is -1462 + -1053560?
-1055352
In base 15, what is -573 + 906?
383
In base 5, what is -242344430002 - -2?
-242344430000
In base 3, what is 100001010202220 - 2000?
100001010200220
In base 9, what is 517247 - -38?
517286
In base 2, what is 1 + 11011000001001011001?
11011000001001011010
In base 9, what is 5 - -17621425?
17621431
In base 9, what is 16643143 + -4?
16643138
In base 5, what is 130 + 14424430?
14430110
In base 6, what is -1342334055 - 3?
-1342334102
In base 5, what is 3141424424 + 1?
3141424430
In base 5, what is -131404 - 104312?
-241221
In base 13, what is -53 + 115c9?
11576
In base 5, what is -23430423000 + 0?
-23430423000
In base 14, what is c0acc92 + 7?
c0acc99
In base 13, what is -27344c + 8?
-273444
In base 15, what is b + -39d667?
-39d65b
In base 14, what is -185da7 - 1c?
-185dc5
In base 10, what is -4 - 45638075?
-45638079
In base 15, what is 2c47d28e + 3?
2c47d292
In base 16, what is 59e83 - -1f4?
5a077
In base 6, what is -5200 + 15343?
10143
In base 16, what is de + -18eb57?
-18ea79
In base 12, what is 1099131 - -11a?
109924b
In base 12, what is -42 + -186834b?
-1868391
In base 15, what is -3 + -71ad6e?
-71ad72
In base 4, what is 1211330 + -1120012?
31312
In base 4, what is -1 + -30112311223?
-30112311230
In base 10, what is 108 - 117717?
-117609
In base 3, what is 12 + -1021220120210221?
-1021220120210202
In base 11, what is 67426699 + 0?
67426699
In base 8, what is 30 + 73041670?
73041720
In base 14, what is 5c6 + 1a59?
2241
In base 15, what is -9d36c1 - 19?
-9d36da
In base 12, what is -42239 - 134?
-42371
In base 7, what is -1 - 3232023000?
-3232023001
In base 16, what is -a48 + abe?
76
In base 7, what is -4 - 10363644?
-10363651
In base 16, what is -30b4 - 361?
-3415
In base 10, what is 1304491 - 38?
1304453
In base 14, what is -1 + 7440c8?
7440c7
In base 8, what is 2 + -141122045?
-141122043
In base 15, what is 799 - 50?
749
In base 12, what is -2a - 72a6598?
-72a6606
In base 7, what is -16 - 3213062040?
-3213062056
In base 11, what is -4 + -186636?
-18663a
In base 5, what is -12043103220 - -3?
-12043103212
In base 16, what is 9 + 1ae550c?
1ae5515
In base 2, what is -1101100101010101011101 + -110?
-1101100101010101100011
In base 11, what is 881883 - 2?
881881
In base 4, what is 3131111121 - 3?
3131111112
In base 15, what is 1eccc0a - -7?
1eccc12
In base 14, what is -8 + -5b63c3?
-5b63cb
In base 9, what is -17036 - 20?
-17056
In base 14, what is -1 + 244381a?
2443819
In base 9, what is 13 - 6527606?
-6527583
In base 4, what is 3 + 223030030212?
223030030221
In base 6, what is -33002 + 2213?
-30345
In base 2, what is -1110110100100011110100101001 - 0?
-1110110100100011110100101001
In base 5, what is 30 + -21304020?
-21303440
In base 10, what is 1450 - -5964?
7414
In base 2, what is -1101 + -1100101111111100011010111?
-1100101111111100011100100
In base 13, what is 53307796 - 1?
53307795
In base 13, what is b39523 - 0?
b39523
In base 12, what is 1379ba9 - 26?
1379b83
In base 10, what is 4050361 - -4?
4050365
In base 16, what is -8 - -25333?
2532b
In base 2, what is -1001010110 - 100100001100100?
-100101010111010
In base 12, what is -461b00 - 766?
-462666
In base 11, what is 3 + 2a02504a?
2a025052
In base 11, what is 10a13694 + -5?
10a1368a
In base 16, what is -1 - -2f9a072?
2f9a071
In base 10, what is -425 + 826738?
826313
In base 12, what is -25b27a - 15b?
-25b419
In base 15, what is -58c - 3a700?
-3ac8c
In base 13, what is 3 + 7281b